 base 3, what is -1210220 - -212020101?
210102111
In base 15, what is 6 - 4b3c807?
-4b3c801
In base 5, what is -203321220 + -100?
-203321320
In base 3, what is -2 + -21212112210111?
-21212112210120
In base 13, what is 3 - 4616a26?
-4616a23
In base 2, what is 100001 + 100110011100111000000001?
100110011100111000100010
In base 16, what is 44a63b + -14?
44a627
In base 8, what is -56355 + 264?
-56071
In base 2, what is 1011011011010111000001000 + 110?
1011011011010111000001110
In base 16, what is f + -9c51?
-9c42
In base 10, what is -989945 - 22?
-989967
In base 9, what is 365 - -2252?
2627
In base 8, what is -141130234 - -3?
-141130231
In base 8, what is -206 - -2777505?
2777277
In base 11, what is -5 - -12709053?
12709049
In base 8, what is 3 - -15676123?
15676126
In base 13, what is 2725 + -39094?
-3666c
In base 3, what is -2022202022002021 + -1?
-2022202022002022
In base 15, what is -4 + -19b5390?
-19b5394
In base 8, what is 10 + -6160163?
-6160153
In base 12, what is 12930469 - 5?
12930464
In base 10, what is 4 + -46485337?
-46485333
In base 3, what is -20011011022011 - 2?
-20011011022020
In base 15, what is -14382d98 - 4?
-14382d9c
In base 5, what is 22330420 - -103?
22331023
In base 16, what is -5 - -556b763?
556b75e
In base 14, what is -602 - 1669?
-1c6b
In base 3, what is -1120020210110 - -20?
-1120020210020
In base 8, what is 134634 + -15550?
117064
In base 3, what is 12 + -2212012022222?
-2212012022210
In base 10, what is 30440954 - 6?
30440948
In base 8, what is 0 - -241713062?
241713062
In base 14, what is -3 + 7b28888?
7b28885
In base 7, what is 2 + 462046444?
462046446
In base 16, what is 13922 + 1ec?
13b0e
In base 11, what is -14a94 + -531?
-15515
In base 10, what is 3506880 + 9?
3506889
In base 7, what is 11316223 - -13?
11316236
In base 12, what is -8 - 5463b1a?
-5463b26
In base 12, what is -2 + -6b6a012?
-6b6a014
In base 16, what is 9b853 - -16?
9b869
In base 9, what is -604757 + 7?
-604750
In base 11, what is 133a + 26866?
280a5
In base 8, what is -3 - -47736431?
47736426
In base 13, what is 1 - -1c8053a0?
1c8053a1
In base 6, what is 231152150 - 23?
231152123
In base 7, what is -1666 + 106?
-1560
In base 3, what is -1001212000 - 11222102?
-1020211102
In base 11, what is -1a976717 + 5?
-1a976712
In base 9, what is 3052415 - -5?
3052421
In base 14, what is 136855a + -2?
1368558
In base 13, what is 32c + -11519?
-111ba
In base 4, what is 11113301201 - 20020?
11113221121
In base 5, what is -4122420 + -11034?
-4134004
In base 16, what is 36be5e - 1?
36be5d
In base 16, what is -1ac8 + d4b?
-d7d
In base 13, what is 1b24 + 3736?
555a
In base 3, what is 20101100200 - -120200?
20101221100
In base 7, what is 4 - 100464352?
-100464345
In base 10, what is -5 - -876633?
876628
In base 15, what is 27 + 85bbcc?
85bc04
In base 3, what is 21 - 222012210101210?
-222012210101112
In base 10, what is -25 + 12047617?
12047592
In base 15, what is 26b0a0 - 5?
26b09a
In base 13, what is -512646b - 2?
-5126470
In base 4, what is 3013233 - -1133123?
10213022
In base 13, what is -a3 + 96bc8?
96b25
In base 3, what is 10 + 2202120111212?
2202120111222
In base 5, what is 1 - 14300133042?
-14300133041
In base 13, what is 320 + -a4a6?
-a186
In base 2, what is 11110 - -101100111111010?
101101000011000
In base 7, what is 10 - 644455216?
-644455206
In base 2, what is 110000 + 11000101110110011?
11000101111100011
In base 11, what is a + -70a915?
-70a906
In base 6, what is 235 - 3233011?
-3232332
In base 3, what is 12 - -2210201011012?
2210201011101
In base 6, what is -2245 + 5053?
2404
In base 11, what is 22864522 + -5?
22864518
In base 10, what is 10 - -13168936?
13168946
In base 4, what is -3202 + -221220231?
-221230033
In base 11, what is 4261863 - 57?
4261807
In base 4, what is 203013020 - 121213?
202231201
In base 4, what is -100222 - 200233?
-301121
In base 15, what is 2 - 89a6da?
-89a6d8
In base 10, what is 81 - 80139?
-80058
In base 12, what is 320988248 - -1?
320988249
In base 6, what is -5442232240 + 24?
-5442232212
In base 13, what is 5 + 19164c88?
19164c90
In base 4, what is -12 + -30130311100?
-30130311112
In base 9, what is 104230532 + -1?
104230531
In base 4, what is 201 + -221322100112?
-221322033311
In base 9, what is 3374 + 2504?
5878
In base 9, what is 6067 - -584?
6662
In base 16, what is -387fe - 1f8?
-389f6
In base 10, what is 163723 + -2939?
160784
In base 13, what is 4 - -3c443b?
3c4442
In base 8, what is -41700545 + 22?
-41700523
In base 6, what is 204 - -30241533?
30242141
In base 14, what is 2 + -13bc6d4?
-13bc6d2
In base 2, what is 0 - 101111001000101000101011100?
-101111001000101000101011100
In base 7, what is -4 + -101361221?
-101361225
In base 4, what is -22323201122113 + 0?
-22323201122113
In base 9, what is 4 + 6364000?
6364004
In base 3, what is -10100 - 21122011210?
-21122022010
In base 9, what is -1167227222 - -4?
-1167227217
In base 7, what is -555 - -1033322?
1032434
In base 6, what is -414210313 - 3?
-414210320
In base 3, what is -12 - 112120101111110?
-112120101111122
In base 12, what is -33 + -3a859a?
-3a8611
In base 13, what is -3 - 2986b8a?
-2986b90
In base 6, what is -1231214 - -314?
-1230500
In base 6, what is 1130325022 + 3?
1130325025
In base 13, what is -210948 + 22?
-210926
In base 12, what is -3 - -35a64650?
35a64649
In base 8, what is -33 - -235405?
235352
In base 15, what is 3158d + -74?
31519
In base 2, what is 1011111100000101101101101 + -111?
1011111100000101101100110
In base 9, what is 4778182 + -21?
4778161
In base 7, what is 24454166 + 10?
24454206
In base 15, what is 11759da + -5?
11759d5
In base 3, what is -1122020 - -122000200?
120101110
In base 13, what is 401050 - 52?
400ccb
In base 12, what is -169 - 179405?
-179572
In base 5, what is -14231022331 + -12?
-14231022343
In base 16, what is -64dc95a + -5?
-64dc95f
In base 14, what is b - -1a6ca4?
1a6cb1
In base 7, what is 5 - 105232256?
-105232251
In base 3, what is 102010122 - -221021?
110001220
In base 11, what is 1486a - -18158?
31a17
In base 15, what is 183c57 - 14a?
183b0c
In base 14, what is 5461d + 335?
54954
In base 10, what is -38 + -218593?
-218631
In base 4, what is 11323233121332 + 3?
11323233122001
In base 8, what is 1446570 - -502?
1447272
In base 5, what is -401233332 + 33?
-401233244
In base 2, what is 110101100110001101010011001 - -100?
110101100110001101010011101
In base 13, what is -143 - 1061a4?
-106317
In base 4, what is 1311111020013 - -2?
1311111020021
In base 14, what is -17d04b - -8?
-17d043
In base 14, what is 2 - -83983a8?
83983aa
In base 7, what is 346616025 + 1?
346616026
In base 8, what is 13202 + -22045?
-6643
In base 15, what is 4 + -3ba980?
-3ba97b
In base 5, what is 13044032404330 + 3?
13044032404333
In base 14, what is 32 + -1d11a1?
-1d116d
In base 7, what is 63461 - 1620?
61541
In base 12, what is -9a0b22 - -306?
-9a0818
In base 3, what is -121121020 + 21222?
-121022021
In base 8, what is 1522052 + -52?
1522000
In base 12, what is -338 + 5233?
4ab7
In base 4, what is -12 + -320301113?
-320301131
In base 6, what is -1204322152 + 2?
-1204322150
In base 3, what is 1002100121022110 - 1102?
1002100121021001
In base 13, what is 75 + 2216354?
22163c9
In base 6, what is -24050452521 + -4?
-24050452525
In base 7, what is 1140 - 66134?
-64664
In base 5, what is -1004024 - 1143331?
-2202410
In base 3, what is -21011211012 + -222?
-21011212011
In base 7, what is -145 - -56444261?
56444113
In base 4, what is 1312002021 - 2201?
1311333220
In base 4, what is 10200121111333 - 31?
10200121111302
In base 12, what is 38a9502a - 3?
38a95027
In base 16, what is -14c0 - db?
-159b
In base 8, what is -275744 + -13617?
-311563
In base 3, what is -1122 + -112221101120?
-112221110012
In base 13, what is -3 - -4878378?
4878375
In base 4, what is 101 + -12122201133?
-12122201032
In base 10, what is -133 - -1281912?
1281779
In base 9, what is -554 - 10224?
-10778
In base 5, what is -3402 - -10101101?
10042144
In base 9, what is -5 + 14415176?
14415171
In base 2, what is -10001000011001010 - -11010001?
-10000111111111001
In base 15, what is -9e3d9 + -5?
-9e3de
In base 10, what is 1837 + -67090?
-65253
In base 16, what is 2 - -66c06b?
66c06d
In base 4, what is -20 - 131123220101?
-131123220121
In base 3, what is -100120101 + -2210100?
-110100201
I